y(-30)?
93
Let i(m) = -2*m**3 + 34*m**2 - 131*m - 15. Calculate i(11).
-4
Let d(o) = -3564*o + 35605. What is d(10)?
-35
Let v(b) = 7352*b - 73510. Calculate v(10).
10
Let q(l) = -160*l + 1916. Determine q(12).
-4
Let y(a) = -2712*a + 92203. Calculate y(34).
-5
Let t(l) = l**2 - 9*l - 52. Give t(13).
0
Let b(l) = -3*l**2 - 16*l + 134. Calculate b(5).
-21
Let q(v) = 212*v**2 + 1266*v - 7. Calculate q(-6).
29
Let q(b) = 337*b - 38395. Calculate q(114).
23
Let y(l) = -25*l**2 + 309*l - 374. Calculate y(11).
0
Let a(p) = p**2 - p - 25. Calculate a(0).
-25
Let f(w) = -2*w**3 - 5*w**2 - 57*w + 15. Give f(0).
15
Let p(k) = 89*k**2 - 9*k - 9. Calculate p(-2).
365
Let s(d) = 2*d**2 + 406*d - 1. Calculate s(0).
-1
Let g(u) = 5*u**2 - 30*u - 265. Give g(11).
10
Let m(x) = -761*x + 117962. What is m(155)?
7
Let c(p) = p**2 + 6*p + 110. Give c(0).
110
Let a(w) = -1497*w - 14966. Determine a(-10).
4
Let o(j) = 20*j**2 - 31*j - 33. Determine o(-1).
18
Let z(a) = -a**2 + 29*a - 130. Give z(23).
8
Let l(s) = -1363*s - 9576. What is l(-7)?
-35
Let l(o) = -5*o + 17. Give l(6).
-13
Let p(l) = -142*l - 2366. Give p(-16).
-94
Let r(u) = -u**3 - 2*u**2 + 19*u + 7. What is r(-5)?
-13
Let p(q) = q**3 + 45*q**2 - 6*q + 32. Calculate p(-45).
302
Let a(l) = 30*l**2 + 27*l - 3. What is a(2)?
171
Let f(t) = -22*t - 1136. Determine f(-53).
30
Let z(o) = o**3 + 17*o**2 - 35*o + 31. Give z(-19).
-26
Let f(c) = c**3 - 35*c**2 + 32*c + 54. Determine f(34).
-14
Let k(n) = -n**3 - 30*n**2 + 71*n + 32. Calculate k(-32).
-192
Let i(r) = 3171*r - 136374. Give i(43).
-21
Let i(p) = -302*p - 2700. Calculate i(-9).
18
Let u(l) = -3*l**3 - 70*l**2 - 382*l + 46. Determine u(-9).
1
Let w(n) = n**3 + 2*n**2 - 125. Give w(0).
-125
Let r(k) = -104*k + 1835. Calculate r(19).
-141
Let b(p) = p**3 - 6*p**2 + 23*p - 50. Calculate b(3).
-8
Let o(i) = i**3 - 27*i**2 + 97*i - 1172. What is o(25)?
3
Let f(k) = -497*k + 158551. Give f(319).
8
Let o(w) = -w**3 + 4*w**2 + 4*w + 66. Determine o(8).
-158
Let c(a) = -131*a + 2359. Determine c(18).
1
Let o(k) = -5*k**3 - 2*k**2 + 10*k - 2. Give o(2).
-30
Let v(z) = -z**3 - 21*z**2 - 27*z + 4. What is v(-19)?
-205
Let z(t) = -24*t**3 + 2*t**2 + 6*t - 7. What is z(1)?
-23
Let r(i) = -7*i + 698. Give r(84).
110
Let h(y) = -y**2 + 27*y - 16. Calculate h(14).
166
Let p(m) = 40*m + 115. Give p(-3).
-5
Let o(z) = 13*z**2 + 2*z - 3. What is o(1)?
12
Let b(n) = 4*n**2 - 15*n - 318. Give b(11).
1
Let a(j) = 2*j**3 - 10*j**2 - 64*j - 48. Calculate a(9).
24
Let o(p) = -134*p - 198. Determine o(0).
-198
Let r(j) = j**3 - 9*j**2 + 21*j - 459. Calculate r(11).
14
Let d(g) = -597*g**3 + 5*g**2 - 7*g + 5. Calculate d(1).
-594
Let y(n) = -6*n**2 + 6*n + 86. What is y(-6)?
-166
Let h(x) = -x**3 + 10*x**2 - 20*x + 38. Calculate h(9).
-61
Let i(w) = w**3 + 8*w**2 - 44*w - 102. Determine i(-2).
10
Let c(u) = u**3 - 23*u**2 + 160*u - 471. What is c(14)?
5
Let l(f) = -22*f**3 - 14*f**2 + 6. Give l(-3).
474
Let w(j) = j**3 - 17*j**2 + 562*j - 6638. Give w(13).
-8
Let r(u) = -550*u - 102860. Give r(-187).
-10
Let i(h) = h**3 + 26*h**2 + 72*h + 13. Give i(-23).
-56
Let w(t) = 28*t - 791. What is w(26)?
-63
Let f(i) = i**3 + 8*i**2 + 28*i + 101. Calculate f(-5).
36
Let h(g) = -g**2 - 583*g - 8536. What is h(-15)?
-16
Let c(k) = 6*k**3 + 12*k**2 - 11*k + 30. Calculate c(-3).
9
Let y(d) = -d**3 - 528*d**2 - 3645*d + 14. Calculate y(-7).
0
Let d(p) = 20*p**2 - 131*p - 107. What is d(8)?
125
Let l(n) = 311*n**2 - 897*n. Determine l(3).
108
Let c(q) = 15*q + 164. Calculate c(-19).
-121
Let x(z) = -27*z**2 - 2*z - 8. What is x(-1)?
-33
Let l(h) = -h**3 + 2*h**2 + 6*h - 13. Give l(-3).
14
Let h(y) = -7*y**3 + 211*y**2 - 213*y + 2. Determine h(1).
-7
Let t(u) = -258*u - 13928. What is t(-54)?
4
Let l(a) = 1517*a - 12154. Give l(8).
-18
Let m(y) = 39*y**2 - 273*y + 187. Give m(6).
-47
Let p(n) = -n**2 + 26*n + 11. Determine p(26).
11
Let w(m) = 1034*m + 7158. Determine w(-7).
-80
Let s(k) = -11*k**3 + 5*k**2 + 60*k + 3. What is s(-5)?
1203
Let u(b) = -33*b**2 - 2873*b - 182. What is u(-87)?
-8
Let d(m) = -2*m**2 - 110*m + 64377. Calculate d(154).
5
Let k(h) = -h**2 - 4163*h + 12498. Give k(3).
0
Let h(p) = -193*p + 9136. What is h(47)?
65
Let c(v) = v**3 + 12*v**2 - 31*v - 25. Give c(4).
107
Let h(s) = 33*s**3 + 2*s**2 + 8*s - 7. Give h(1).
36
Let s(f) = f**3 - 9*f**2 - 126*f + 67. Determine s(-8).
-13
Let u(f) = 468*f - 2811. Determine u(6).
-3
Let u(i) = 2*i**3 + 57*i**2 + 99*i + 472. Calculate u(-27).
-14
Let c(b) = b**3 + 2*b**2 - 28*b + 306. What is c(6)?
426
Let z(h) = -h**3 + 12*h**2 - 27*h - 25. Determine z(7).
31
Let j(h) = h**3 + 2*h**2 + 3*h + 255. Determine j(0).
255
Let g(b) = 1249*b - 22. Determine g(0).
-22
Let v(a) = a**3 + 36*a**2 - 180*a - 5292. What is v(-37)?
-1
Let g(x) = 36*x**2 - 209*x + 207. Give g(1).
34
Let j(h) = -6*h + 21. What is j(3)?
3
Let i(k) = -k**3 - 3*k**2 + 21*k - 18. What is i(3)?
-9
Let r(a) = -a**2 + 715*a + 10203. Give r(-14).
-3
Let j(p) = -1207*p - 9654. What is j(-8)?
2
Let z(d) = 5*d**3 - 8*d**2 + 10*d - 18. What is z(5)?
457
Let y(j) = -154*j - 712. Determine y(-7).
366
Let p(d) = 2*d**2 - 168*d - 3438. Give p(101).
-4
Let f(u) = 3*u**3 - 2*u + 46. Calculate f(0).
46
Let d(x) = x**3 + 48*x**2 + 180*x - 112. Give d(-44).
-288
Let o(p) = 149*p + 485. Determine o(-4).
-111
Let f(k) = k**2 - 219*k + 7014. Calculate f(39).
-6
Let j(g) = -10*g**2 + 279*g - 725. Give j(25).
0
Let p(s) = 1920*s + 19200. What is p(-10)?
0
Let q(p) = p**2 + 23*p + 21. Give q(0).
21
Let l(t) = -t**3 - 15*t**2 + 78*t + 1032. What is l(-16)?
40
Let l(n) = 16*n**2 - 5*n - 3. Determine l(4).
233
Let c(h) = -6*h**2 - 16*h + 76. Calculate c(4).
-84
Let l(w) = -190*w - 1980. Calculate l(-10).
-80
Let j(i) = i**3 + 14*i**2 - 249*i + 87. What is j(10)?
-3
Let q(a) = -63*a + 267. Determine q(5).
-48
Let u(n) = n**3 - 5*n**2 + 4*n - 4. Determine u(3).
-10
Let f(t) = 123*t - 3429. Calculate f(27).
-108
Let k(n) = n**2 + 113*n + 909. Determine k(-8).
69
Let h(k) = k**3 + 31*k**2 + 33*k + 951. Give h(-31).
-72
Let k(r) = r**3 + 9*r**2 + 13*r + 91. Determine k(-8).
51
Let a(b) = 4*b - 118. What is a(-5)?
-138
Let j(w) = 56*w**2 + 205*w - 408. What is j(2)?
226
Let o(b) = b**3 - 4*b**2 + 6*b - 71. What is o(6)?
37
Let d(t) = t**2 - 655*t - 7358. What is d(-11)?
-32
Let u(s) = 48*s**2 + 3*s - 5. Calculate u(3).
436
Let v(i) = -28*i - 136. Give v(0).
-136
Let l(a) = 45*a**3 - a**2 - 7*a - 6. Determine l(-1).
-45
Let m(j) = j**2 + 12*j + 19. What is m(-4)?
-13
Let n(x) = -6*x**2 - 125*x - 47. What is n(-21)?
-68
Let f(x) = 19*x**2 + 32*x - 133. Calculate f(-7).
574
Let h(u) = -u**2 + 51*u - 711. Determine h(17).
-133
Let j(d) = 680*d + 3344. Determine j(-5).
-56
Let v(c) = -2*c**3 - 4*c**2 + 15*c + 8. Determine v(3).
-37
Let n(d) = -d**2 - 283*d - 7094. Give n(-28).
46
Let p(d) = -7*d + 90. Give p(9).
27
Let v(r) = -r**3 + 31*r**2 + 71*r - 185. What is v(33)?
-20
Let o(f) = f**2 - 40*f - 620. Determine o(-12).
4
Let t(h) = -132*h - 1425. Determine t(-11).
27
Let t(k) = 10*k**2 + 447*k - 446. Calculate t(1).
11
Let t(z) = z**3 + 59*z**2 - 54*z + 159. Calculate t(-60).
-201
Let c(a) = 19*a**2 + 276*a - 134. Determine c(-15).
1
Let p(n) = n**3 - 44*n**2 + 40*n + 125. Determine p(43).
-4
Let f(m) = 3*m**3 - 65*m**2 + 42*m - 24. Determine f(21).
-24
Let r(c) = 105*c - 11767. Determine r(112).
-7
Let u(s) = 106*s - 23736. Determine u(224).
8
Let k(g) = 4452*g - 17790. Determine k(4).
18
Let i(u) = 90*u - 319. What is i(7)?
311
Let f(b) = 3*b**2 + 68*b + 51. Calculate f(-11).
-334
Let p(c) = c**3 - 16*c**2 + 87*c - 213. Calculate p(9).
3
Let f(t) = -5*t**2 + 146*t + 18. What is f(30)?
-102
Let n(u) = 27*u**3 - 5*u**2 + 23*u - 32. What is n(2)?
210
Let y(c) = -c**2 + 1701*c - 166081. What is y(104)?
7
Let h(r) = r**3 - 55*r**2 + 339*r - 144. Calculate h(48).
0
Let z(i) = -4*i**2 + 20*i - 4. What is z(9)?
-148
Let k(o) = -o**3 + 50*o**2 - 7*o + 347. Determine k(50).
-3
Let q(g) = -24*g**3 - g**2 + 27*g - 25. Give q(1).
-23
Let h(x) = 103*x + 499. Give h(-9).
-428
Let o(n) = -746*n - 2246. Calculate o(-3).
-8
Let r(s) = s**2 + 12*s - 93. Give r(-15).
-48
Let w(r) = 224*r**2 - 8066*r + 68. Calculate w(36).
-4
Let d(w) = -2*w**3 + 15*w**2 - 17*w - 49. What is d(4)?
-5
Let w(k) = 17*k - 141. Calculate